{"id":963,"date":"2024-06-12T01:53:24","date_gmt":"2024-06-12T01:53:24","guid":{"rendered":"https:\/\/hp.nutricionalfarma.com.br\/?post_type=product&#038;p=963"},"modified":"2024-06-12T02:06:52","modified_gmt":"2024-06-12T02:06:52","slug":"safeclip-clip-para-hemostasia","status":"publish","type":"product","link":"https:\/\/hp.nutricionalfarma.com.br\/?product=safeclip-clip-para-hemostasia","title":{"rendered":"SafeClip\u00ae &#8211; Clip para Hemostasia"},"content":{"rendered":"<p style=\"text-align: center;\">Especifica\u00e7\u00f5es<\/p>\n<p>&nbsp;<\/p>\n<table id=\"footable_3077\" class=\"foo-table ninja_footable foo_table_3077 ninja_table_unique_id_872496226_3077 ui table nt_type_legacy_table selectable celled vertical_centered ninja_custom_color inverted footable-paging-right ninja_table_search_disabled ninja_table_pro footable footable-1 footable-paging breakpoint-lg aligncenter\" style=\"height: 122px;\" width=\"589\" data-ninja_table_instance=\"ninja_table_instance_0\" data-footable_id=\"3077\" data-filter-delay=\"1000\" aria-label=\"Cesta extratora\" data-unique_identifier=\"ninja_table_unique_id_872496226_3077\">\n<thead>\n<tr class=\"footable-header\">\n<th class=\"ninja_column_0 ninja_clmn_nm_referencia footable-first-visible\" scope=\"col\">REFER\u00caNCIA<\/th>\n<th class=\"ninja_column_1 ninja_clmn_nm_comprimento\" scope=\"col\">COMPRIMENTO<\/th>\n<th class=\"ninja_column_2 ninja_clmn_nm_diametro_da_escova\" scope=\"col\">DIA\u0302METRO<\/th>\n<th class=\"ninja_column_4 ninja_clmn_nm_abertura_da_cesta\" scope=\"col\">ABERTURA<\/th>\n<th class=\"ninja_column_5 ninja_clmn_nm_descricao\" scope=\"col\">ANGULA\u00c7\u00c3O<\/th>\n<\/tr>\n<\/thead>\n<tbody>\n<tr class=\"ninja_table_row_0 nt_row_id_107\" data-row_id=\"107\">\n<td class=\"ninja_column_0 ninja_clmn_nm_referencia footable-first-visible\">U2525-230<\/td>\n<td class=\"ninja_column_1 ninja_clmn_nm_comprimento\">230 cm<\/td>\n<td class=\"ninja_column_2 ninja_clmn_nm_comprimento_da_cesta\">2.5 mm<\/td>\n<td class=\"ninja_column_4 ninja_clmn_nm_abertura_da_cesta\">13 mm<\/td>\n<td class=\"ninja_column_5 ninja_clmn_nm_descricao\">135\u00b0<\/td>\n<\/tr>\n<tr class=\"ninja_table_row_1 nt_row_id_108\" data-row_id=\"108\">\n<td class=\"ninja_column_0 ninja_clmn_nm_referencia footable-first-visible\">U2511-180<\/td>\n<td class=\"ninja_column_1 ninja_clmn_nm_comprimento\">180 cm<\/td>\n<td class=\"ninja_column_2 ninja_clmn_nm_diametro_da_escova\">2.6 mm<\/td>\n<td class=\"ninja_column_4 ninja_clmn_nm_abertura_da_cesta\">11 mm<\/td>\n<td class=\"ninja_column_5 ninja_clmn_nm_descricao\">135\u00b0<\/td>\n<\/tr>\n<tr class=\"ninja_table_row_2 nt_row_id_109\" data-row_id=\"109\">\n<td class=\"ninja_column_0 ninja_clmn_nm_referencia footable-first-visible\">U2511-230230<\/td>\n<td class=\"ninja_column_1 ninja_clmn_nm_comprimento\">\u00a0cm<\/td>\n<td class=\"ninja_column_2 ninja_clmn_nm_diametro_da_escova\">2.6 mm<\/td>\n<td class=\"ninja_column_4 ninja_clmn_nm_abertura_da_cesta\">\u00a011mm<\/td>\n<td class=\"ninja_column_5 ninja_clmn_nm_descricao\">135\u00b0<\/td>\n<\/tr>\n<\/tbody>\n<\/table>\n","protected":false},"excerpt":{"rendered":"<p>Safeclip\u00ae da G-Flex\u00ae \u00e9 um clip reposicion\u00e1vel com ponta flex\u00edvel permitindo acesso e posicionamento f\u00e1cil com grande abertura e rota\u00e7\u00e3o 360\u00b0 (ambos os lados). Trava de seguran\u00e7a ao disparar o clip para evitar exposi\u00e7\u00e3o do sistema\u00a0de\u00a0disparo<\/p>\n<p><iframe width=\"560\" height=\"315\" src=\"https:\/\/www.youtube.com\/embed\/66UNNZ0ffeA?si=CZDVcI7ivtbRbVQj\" title=\"YouTube video player\" frameborder=\"0\" allow=\"accelerometer; autoplay; clipboard-write; encrypted-media; gyroscope; picture-in-picture; web-share\" referrerpolicy=\"strict-origin-when-cross-origin\" allowfullscreen><\/iframe><\/p>\n","protected":false},"featured_media":965,"template":"","meta":[],"product_brand":[],"product_cat":[126],"product_tag":[],"class_list":{"0":"post-963","1":"product","2":"type-product","3":"status-publish","4":"has-post-thumbnail","6":"product_cat-endoscopia","8":"first","9":"instock","10":"sold-individually","11":"shipping-taxable","12":"product-type-simple","13":"czr-hentry"},"_links":{"self":[{"href":"https:\/\/hp.nutricionalfarma.com.br\/index.php?rest_route=\/wp\/v2\/product\/963","targetHints":{"allow":["GET"]}}],"collection":[{"href":"https:\/\/hp.nutricionalfarma.com.br\/index.php?rest_route=\/wp\/v2\/product"}],"about":[{"href":"https:\/\/hp.nutricionalfarma.com.br\/index.php?rest_route=\/wp\/v2\/types\/product"}],"wp:featuredmedia":[{"embeddable":true,"href":"https:\/\/hp.nutricionalfarma.com.br\/index.php?rest_route=\/wp\/v2\/media\/965"}],"wp:attachment":[{"href":"https:\/\/hp.nutricionalfarma.com.br\/index.php?rest_route=%2Fwp%2Fv2%2Fmedia&parent=963"}],"wp:term":[{"taxonomy":"product_brand","embeddable":true,"href":"https:\/\/hp.nutricionalfarma.com.br\/index.php?rest_route=%2Fwp%2Fv2%2Fproduct_brand&post=963"},{"taxonomy":"product_cat","embeddable":true,"href":"https:\/\/hp.nutricionalfarma.com.br\/index.php?rest_route=%2Fwp%2Fv2%2Fproduct_cat&post=963"},{"taxonomy":"product_tag","embeddable":true,"href":"https:\/\/hp.nutricionalfarma.com.br\/index.php?rest_route=%2Fwp%2Fv2%2Fproduct_tag&post=963"}],"curies":[{"name":"wp","href":"https:\/\/api.w.org\/{rel}","templated":true}]}}