{"id":319,"date":"2023-04-11T15:10:41","date_gmt":"2023-04-11T15:10:41","guid":{"rendered":"https:\/\/hp.nutricionalfarma.com.br\/?post_type=product&#038;p=319"},"modified":"2023-04-11T15:15:37","modified_gmt":"2023-04-11T15:15:37","slug":"fresubin-lp-drink-renal","status":"publish","type":"product","link":"https:\/\/hp.nutricionalfarma.com.br\/?product=fresubin-lp-drink-renal","title":{"rendered":"Fresubin LP Drink (Renal)"},"content":{"rendered":"<div id=\"wrapper\" class=\"product-info\">\n<div class=\"descricao-produto\">\n<h3 class=\"titleBox\"><strong>DESCRI\u00c7\u00c3O DO PRODUTO<\/strong><\/h3>\n<p class=\"bull\">\u2022\u00a0\u2022\u00a0\u2022<\/p>\n<div id=\"colunas12\">Fresubin LP \u00e9 um suplemento nutricionalmente completo, hipercal\u00f3rico, com baixo teor de prote\u00ednas e eletr\u00f3litos. Cont\u00e9m adi\u00e7\u00e3o de \u00f3leo de peixe e completo em vitaminas e minerais. Com distribui\u00e7\u00e3o cal\u00f3rica de 6% Prote\u00edna, 40% Lip\u00eddeo e 54% Carboidrato.<\/div>\n<\/div>\n<\/div>\n<div id=\"colunas12\" class=\"product-info\">\n<h3 class=\"titleBox\"><strong>INDICA\u00c7\u00c3O<\/strong><\/h3>\n<p>Fresubin LP \u00e9 indicado para promover melhor nutri\u00e7\u00e3o e qualidade de vida \u00e0s pessoas portadoras de doen\u00e7a renal cr\u00f4nica em est\u00e1gio conservador, ou seja, que n\u00e3o fazem hemodi\u00e1lise.<\/p>\n<p>Fresubin LP \u00e9 ideal para pacientes renais cr\u00f4nicos n\u00e3o dial\u00edticos, pois tem em sua composi\u00e7\u00e3o uma quantidade controlada de prote\u00edna para nutrir e ao mesmo tempo n\u00e3o sobrecarregar o rim.<\/p>\n<p>Tem baixo conte\u00fado de f\u00f3sforo e pot\u00e1ssio para n\u00e3o haver sobrecarga sangu\u00ednea e vitaminas e minerais sob medida para fornecer mais vitalidade e energia para o paciente, proporcionando inclusive melhora do apetite. Pode ser consumido por diab\u00e9ticos, pelo seu perfil de carboidratos, que ir\u00e1 contribuir com o controle da glicemia.<\/p>\n<p>Com alto valor energ\u00e9tico (2.0 Kcal por ml) ir\u00e1 fornecer energia para as atividades do dia a dia. Seu sabor \u00e9 muito agrad\u00e1vel, podendo ser tomando em qualquer momento do dia, preferencialmente entre as principais refei\u00e7\u00f5es, para complementar a alimenta\u00e7\u00e3o di\u00e1ria. Tamb\u00e9m pode ser consumido por sonda enteral.<\/p>\n<\/div>\n<div id=\"colunas12\" class=\"product-info\">\n<h3 class=\"titleBox\"><strong>CARACTER\u00cdSTICAS T\u00c9CNICAS<\/strong><\/h3>\n<p>Fresubin LP 200ml \u00e9 um alimento completo e balanceado em nutrientes, para nutri\u00e7\u00e3o enteral ou oral, hipercal\u00f3rico e hipoproteico (quantidade menor de prote\u00edna).<\/p>\n<p>&nbsp;<\/p>\n<p>O perfil nutricional ideal para nutrir seu paciente com DRC:<\/p>\n<p>&#8211; Baixo teor proteico e de eletr\u00f3litos<\/p>\n<p>&#8211; Alta densidade energ\u00e9tica<\/p>\n<p>&#8211; Adi\u00e7\u00e3o de \u00f3leo de peixe (EPA e DHA) com rela\u00e7\u00e3o ?6:?3 = 2,6:1<\/p>\n<p>&#8211; Composi\u00e7\u00e3o de carboidrato modificado: Amido de Tapioca e Isomaltulose<\/p>\n<p>&#8211; Perfil vitam\u00ednico sob medida<\/p>\n<p>&nbsp;<\/p>\n<p>Composi\u00e7\u00e3o:<\/p>\n<p>&nbsp;<\/p>\n<p>\u2022 Baixo conte\u00fado proteico (3g\/100ml)<\/p>\n<p>\u2022 Baixo conte\u00fado de f\u00f3sforo<\/p>\n<p>\u2022 Baixo conte\u00fado de eletr\u00f3litos<\/p>\n<p>\u2022 Alto teor de vitaminas do complexo B, especialmente B6 e \u00e1cido F\u00f3lico<\/p>\n<p>\u2022 Baixo teor de vitamina A e moderado em vitamina D<\/p>\n<p>\u2022 Alto teor de vitamina E e \u00df-caroteno<\/p>\n<p>&nbsp;<\/p>\n<p>Benef\u00edcio<\/p>\n<p>&nbsp;<\/p>\n<p>\u2022 \u02dc ac\u00famulo de res\u00edduos de Nitrog\u00eanio<\/p>\n<p>\u2022 Ajuda a evitar hiperfosfatemia e hiperparatireoidismo<\/p>\n<p>secund\u00e1rio<\/p>\n<p>\u2022 Ajuda a melhorar o equil\u00edbrio de sal e press\u00e3o arterial<\/p>\n<p>\u2022 Perfil vitam\u00ednico sob medida<\/p>\n<p>\u2022 Efeito antioxidante<\/p>\n<p>\u2022 Ajuda a retardar a progress\u00e3o da Doen\u00e7a Renal Cr\u00f4nica<\/p>\n<p>\u2022 Melhora da qualidade de vida<\/p>\n<\/div>\n<div id=\"colunas12\" class=\"product-info\">\n<h3 class=\"titleBox\"><strong>MODO DE USAR<\/strong><\/h3>\n<p>Consumir de uma a duas unidades ao dia ou de acordo com a orienta\u00e7\u00e3o do m\u00e9dico ou nutricionista.<\/p>\n<\/div>\n<div id=\"colunas12\" class=\"product-info\">\n<h3 class=\"titleBox\"><strong>CONSERVA\u00c7\u00c3O<\/strong><\/h3>\n<p>Manter as embalagens fechadas em temperatura ambiente em local fresco e seco. Ap\u00f3s aberto manter at\u00e9 24 horas em geladeira e 6 horas em temperatura ambiente.<\/p>\n<\/div>\n<p>&nbsp;<\/p>\n<p>&nbsp;<\/p>\n<p>&nbsp;<\/p>\n","protected":false},"excerpt":{"rendered":"<p style=\"text-align: center;\">O pre\u00e7o da unidade comprando caixa fechada \u00e9 de R$20,35<br \/>\nCaixa Fechada Cont\u00e9m 24 unidades.<\/p>\n<h3 style=\"text-align: center;\">Entre em contato com nosso televendas : (32) 3212-7735 <span style=\"font-size: 11px; margin-top: -50px;\">Segunda \u00e0 sexta de 8 \u00e0 12h. e de 13:15 at\u00e9 18:00h.<\/span><\/h3>\n","protected":false},"featured_media":383,"template":"","meta":[],"product_brand":[],"product_cat":[16],"product_tag":[59],"class_list":{"0":"post-319","1":"product","2":"type-product","3":"status-publish","4":"has-post-thumbnail","6":"product_cat-nutricao","7":"product_tag-fresubin-drinkfresubin-juicy-drinksuplemento-nutricionalsuplemento-nutricional-especializado","9":"first","10":"instock","11":"sold-individually","12":"product-type-simple","13":"czr-hentry"},"_links":{"self":[{"href":"https:\/\/hp.nutricionalfarma.com.br\/index.php?rest_route=\/wp\/v2\/product\/319","targetHints":{"allow":["GET"]}}],"collection":[{"href":"https:\/\/hp.nutricionalfarma.com.br\/index.php?rest_route=\/wp\/v2\/product"}],"about":[{"href":"https:\/\/hp.nutricionalfarma.com.br\/index.php?rest_route=\/wp\/v2\/types\/product"}],"wp:featuredmedia":[{"embeddable":true,"href":"https:\/\/hp.nutricionalfarma.com.br\/index.php?rest_route=\/wp\/v2\/media\/383"}],"wp:attachment":[{"href":"https:\/\/hp.nutricionalfarma.com.br\/index.php?rest_route=%2Fwp%2Fv2%2Fmedia&parent=319"}],"wp:term":[{"taxonomy":"product_brand","embeddable":true,"href":"https:\/\/hp.nutricionalfarma.com.br\/index.php?rest_route=%2Fwp%2Fv2%2Fproduct_brand&post=319"},{"taxonomy":"product_cat","embeddable":true,"href":"https:\/\/hp.nutricionalfarma.com.br\/index.php?rest_route=%2Fwp%2Fv2%2Fproduct_cat&post=319"},{"taxonomy":"product_tag","embeddable":true,"href":"https:\/\/hp.nutricionalfarma.com.br\/index.php?rest_route=%2Fwp%2Fv2%2Fproduct_tag&post=319"}],"curies":[{"name":"wp","href":"https:\/\/api.w.org\/{rel}","templated":true}]}}