{"id":302,"date":"2023-04-11T15:10:40","date_gmt":"2023-04-11T15:10:40","guid":{"rendered":"https:\/\/hp.nutricionalfarma.com.br\/?post_type=product&#038;p=302"},"modified":"2023-04-11T15:15:38","modified_gmt":"2023-04-11T15:15:38","slug":"fresubin-energy-1000ml","status":"publish","type":"product","link":"https:\/\/hp.nutricionalfarma.com.br\/?product=fresubin-energy-1000ml","title":{"rendered":"Fresubin Energy 1000ml"},"content":{"rendered":"<p>Fresubin Energy: Com a adi\u00e7\u00e3o de \u00f3leo de peixe em nossas dietas enterais, fornecemos o melhor perfil lip\u00eddico e garantimos o fornecimento de EPA &amp; DHA de forma mais eficiente.<\/p>\n<h4><strong>Produtos similares ao Fresubin Energy, fabricado por outros laboratorios:<\/strong><\/h4>\n<p>Fresubin Energy:\u00a0 Isosource1.5, Nutrison Energy plus 1.5, Osmolite HICAL<\/p>\n<p style=\"font-weight: 400;\"><b><strong>Indica\u00e7\u00e3o:<\/strong><\/b><\/p>\n<p style=\"font-weight: 400;\">Indicado para pacientes com desnutri\u00e7\u00e3o\u00a0moderada a grave com necessidade cal\u00f3rica elevada, associada ou n\u00e3o\u00a0\u00e0 restri\u00e7\u00e3o h\u00eddrica.<\/p>\n<p style=\"font-weight: 400;\">Voc\u00ea conhece as vantagens do Sistema Fechado da linha de dietas Fresenius? Ele pode virar um Sistema Aberto:<\/p>\n<p style=\"font-weight: 400;\"><b><strong>&#8211; Ao comprar a dieta o adaptador vem junto. E se preferir, com o adaptador voc\u00ea abre o sistema e pode envasar a dieta em frascos, como se fosse um sistema aberto.<\/strong><\/b><\/p>\n<p style=\"font-weight: 400;\">Mas se preferir, use como Sistema Fechado e as vantagens s\u00e3o:<\/p>\n<p style=\"font-weight: 400;\">&#8211; N\u00e3o h\u00e1 necessidade de bomba de infus\u00e3o;<\/p>\n<p style=\"font-weight: 400;\">&#8211; O risco de contamina\u00e7\u00e3o \u00e9 quase nulo;<\/p>\n<p style=\"font-weight: 400;\">&#8211; Como n\u00e3o h\u00e1 necessidade de frascos, a economia \u00e9 maior;<\/p>\n<p style=\"font-weight: 400;\">&#8211; O equipo \u00e9 duplo e pode ser usado para \u00e1gua e medicamentos, sem interrup\u00e7\u00e3o da dieta;<\/p>\n<p style=\"font-weight: 400;\">&#8211; A dieta ap\u00f3s aberta, pode ficar at\u00e9 24h em fus\u00e3o, a seguran\u00e7a e a praticidade s\u00e3o maiores.<\/p>\n<p style=\"font-weight: 400;\"><b><strong>Informa\u00e7\u00f5es Nutricionais:<\/strong><\/b><\/p>\n<p style=\"font-weight: 400;\"><b><strong>Distribui\u00e7\u00e3o Cal\u00f3rica<\/strong><\/b><\/p>\n<p style=\"font-weight: 400;\">Prote\u00edna: 15% &#8211; 5,6g\/100ml<\/p>\n<p style=\"font-weight: 400;\">Carboidrato: 50% &#8211; 18,8g\/100ml<\/p>\n<p style=\"font-weight: 400;\">Gordura: 35% &#8211; 5,8g\/100ml<\/p>\n<p style=\"font-weight: 400;\">Densidade Cal\u00f3rica: 1.5 kcal\/ml<\/p>\n<p style=\"font-weight: 400;\"><b><strong>Fonte de Prote\u00edna:<\/strong><\/b>\u00a078,5% Caseinato e 21,5% Prote\u00edna do Soro do Leite<\/p>\n<p style=\"font-weight: 400;\"><b><strong>Fonte de Carboidrato:\u00a0<\/strong><\/b>100% Maltodextrina<\/p>\n<p style=\"font-weight: 400;\"><b><strong>Fonte de Gordura:<\/strong><\/b>\u00a073% \u00d3leo de Canola, 24% \u00d3leo de Girassol de Alto Teor Ol\u00e9ico e 3% \u00d3leo de Peixe<\/p>\n<p>&nbsp;<\/p>\n<h4>Detalhes do Produto:<\/h4>\n<p><img fetchpriority=\"high\" decoding=\"async\" class=\"alignleft size-full wp-image-100\" src=\"https:\/\/nutricionalfarma.com.br\/wp-content\/uploads\/2014\/08\/Fresubin-Energy-Dieta-Enteral.png\" alt=\"Fresubin-Energy-Dieta-Enteral\" width=\"466\" height=\"574\" \/><\/p>\n<p>&nbsp;<\/p>\n","protected":false},"excerpt":{"rendered":"<p style=\"text-align: center;\">Consultar pre\u00e7o por caixa fechada<\/p>\n<p style=\"text-align: center;\">Com a adi\u00e7\u00e3o de \u00f3leo de peixe em nossas dietas enterais, fornecemos o melhor perfil lip\u00eddico e garantimos o fornecimento de EPA &amp; DHA de forma mais eficiente.<\/p>\n<h3 style=\"text-align: center;\">Entre em contato com nosso televendas :<br \/>\n(32) 3212-7735<br \/>\n<span style=\"font-size: 11px; margin-top: -50px;\">Segunda \u00e0 sexta de 8 at\u00e9 18:00 h.<\/span><\/h3>\n<p style=\"text-align: center;\">[whatsappsupport number=&#8221;5532984017860&#8243; text=&#8221;Consulte pelo WhatsApp &#8221; text-color=&#8221;#fff&#8221; bg-color=&#8221;#22c15e&#8221; message=&#8221;Fresubin Energy 1000ml&#8221; ]<\/p>\n","protected":false},"featured_media":333,"template":"","meta":[],"product_brand":[],"product_cat":[16],"product_tag":[44],"class_list":{"0":"post-302","1":"product","2":"type-product","3":"status-publish","4":"has-post-thumbnail","6":"product_cat-nutricao","7":"product_tag-dieta-enteraldieta-enteral-padraofresubin-original","9":"first","10":"instock","11":"sold-individually","12":"purchasable","13":"product-type-simple","14":"czr-hentry"},"_links":{"self":[{"href":"https:\/\/hp.nutricionalfarma.com.br\/index.php?rest_route=\/wp\/v2\/product\/302","targetHints":{"allow":["GET"]}}],"collection":[{"href":"https:\/\/hp.nutricionalfarma.com.br\/index.php?rest_route=\/wp\/v2\/product"}],"about":[{"href":"https:\/\/hp.nutricionalfarma.com.br\/index.php?rest_route=\/wp\/v2\/types\/product"}],"wp:featuredmedia":[{"embeddable":true,"href":"https:\/\/hp.nutricionalfarma.com.br\/index.php?rest_route=\/wp\/v2\/media\/333"}],"wp:attachment":[{"href":"https:\/\/hp.nutricionalfarma.com.br\/index.php?rest_route=%2Fwp%2Fv2%2Fmedia&parent=302"}],"wp:term":[{"taxonomy":"product_brand","embeddable":true,"href":"https:\/\/hp.nutricionalfarma.com.br\/index.php?rest_route=%2Fwp%2Fv2%2Fproduct_brand&post=302"},{"taxonomy":"product_cat","embeddable":true,"href":"https:\/\/hp.nutricionalfarma.com.br\/index.php?rest_route=%2Fwp%2Fv2%2Fproduct_cat&post=302"},{"taxonomy":"product_tag","embeddable":true,"href":"https:\/\/hp.nutricionalfarma.com.br\/index.php?rest_route=%2Fwp%2Fv2%2Fproduct_tag&post=302"}],"curies":[{"name":"wp","href":"https:\/\/api.w.org\/{rel}","templated":true}]}}