{"id":121,"date":"2023-03-12T10:43:28","date_gmt":"2023-03-12T10:43:28","guid":{"rendered":"https:\/\/hp.nutricionalfarma.com.br\/?product=trophic-ep-1-l"},"modified":"2023-03-30T17:36:58","modified_gmt":"2023-03-30T17:36:58","slug":"trophic-ep-1-l","status":"publish","type":"product","link":"https:\/\/hp.nutricionalfarma.com.br\/?product=trophic-ep-1-l","title":{"rendered":"Trophic EP &#8211; 1 L"},"content":{"rendered":"<p><\/p>\n<div>\n<p>IMPULSO ENERG\u00c9TICO E PROTEICO PARA UMA RECUPERA\u00c7\u00c3O ACELERADA.<\/p>\n<p>EP s\u00e3o as iniciais de Energia e Prote\u00edna, presentes em alta quantidade nesta f\u00f3rmula nutricionalmente completa e isenta de sacarose, lactose e gl\u00faten. O Trophic EP \u00e9 ideal para pacientes cuja necessidade de prote\u00ednas \u00e9 elevada e a absor\u00e7\u00e3o energ\u00e9tica requer mais velocidade.<\/p>\n<h2>INDICA\u00c7\u00c3O<\/h2>\n<p>Necessidade elevada de prote\u00ednas, ideal para pacientes com caquexia ou c\u00e2ncer.<\/p>\n<p><a class=\"bt\" href=\"https:\/\/prodiet.pertinhodemim.com\/produto\/789892227219\" target=\"_blank\" rel=\"noopener\">Onde Encontrar<\/a><\/p>\n<\/p><\/div>\n<p><script type=\"text\/javascript\">\n!function(f,b,e,v,n,t,s){if(f.fbq)return;n=f.fbq=function(){n.callMethod?\nn.callMethod.apply(n,arguments):n.queue.push(arguments)};if(!f._fbq)f._fbq=n;\nn.push=n;n.loaded=!0;n.version='2.0';n.queue=[];t=b.createElement(e);t.async=!0;\nt.src=v;s=b.getElementsByTagName(e)[0];s.parentNode.insertBefore(t,s)}(window,\ndocument,'script','https:\/\/connect.facebook.net\/en_US\/fbevents.js');\n<\/script><script>\n\t\t!function(f,b,e,v,n,t,s){if(f.fbq)return;n=f.fbq=function(){n.callMethod?\n\t\tn.callMethod.apply(n,arguments):n.queue.push(arguments)};if(!f._fbq)f._fbq=n;\n\t\tn.push=n;n.loaded=!0;n.version='2.0';n.queue=[];t=b.createElement(e);t.async=!0;\n\t\tt.src=v;s=b.getElementsByTagName(e)[0];s.parentNode.insertBefore(t,s)}(window,\n\t\tdocument,'script','\/\/connect.facebook.net\/en_US\/fbevents.js');<\/p>\n<p>\t\tfbq('init', '1646710888920897');\n\t\tfbq('track', \"PageView\");\n\t<\/script><script>\n\t(function(d, s, id) {\n\t\tvar js, fjs = d.getElementsByTagName(s)[0];\n\t\tif (d.getElementById(id)) return;\n\t\tjs = d.createElement(s); js.id = id;\n\t\tjs.src = \"\/\/connect.facebook.net\/en_US\/sdk.js#xfbml=1&version=v2.4\";\n\t\tfjs.parentNode.insertBefore(js, fjs);\n\t}(document, 'script', 'facebook-jssdk'));\n<\/script><\/p>\n","protected":false},"excerpt":{"rendered":"<p>IMPULSO ENERG\u00c9TICO E PROTEICO PARA UMA RECUPERA\u00c7\u00c3O ACELERADA. EP s\u00e3o as iniciais de Energia e Prote\u00edna, presentes em alta quantidade nesta f\u00f3rmula nutricionalmente completa e isenta de sacarose, lactose e gl\u00faten. O Trophic EP \u00e9 ideal para pacientes cuja necessidade de prote\u00ednas \u00e9 elevada e a absor\u00e7\u00e3o energ\u00e9tica requer mais velocidade. INDICA\u00c7\u00c3O Necessidade elevada de [&hellip;]<\/p>\n","protected":false},"featured_media":122,"template":"","meta":[],"product_brand":[],"product_cat":[16],"product_tag":[],"class_list":{"0":"post-121","1":"product","2":"type-product","3":"status-publish","4":"has-post-thumbnail","6":"product_cat-nutricao","8":"first","9":"instock","10":"sold-individually","11":"shipping-taxable","12":"purchasable","13":"product-type-simple","14":"czr-hentry"},"_links":{"self":[{"href":"https:\/\/hp.nutricionalfarma.com.br\/index.php?rest_route=\/wp\/v2\/product\/121","targetHints":{"allow":["GET"]}}],"collection":[{"href":"https:\/\/hp.nutricionalfarma.com.br\/index.php?rest_route=\/wp\/v2\/product"}],"about":[{"href":"https:\/\/hp.nutricionalfarma.com.br\/index.php?rest_route=\/wp\/v2\/types\/product"}],"wp:featuredmedia":[{"embeddable":true,"href":"https:\/\/hp.nutricionalfarma.com.br\/index.php?rest_route=\/wp\/v2\/media\/122"}],"wp:attachment":[{"href":"https:\/\/hp.nutricionalfarma.com.br\/index.php?rest_route=%2Fwp%2Fv2%2Fmedia&parent=121"}],"wp:term":[{"taxonomy":"product_brand","embeddable":true,"href":"https:\/\/hp.nutricionalfarma.com.br\/index.php?rest_route=%2Fwp%2Fv2%2Fproduct_brand&post=121"},{"taxonomy":"product_cat","embeddable":true,"href":"https:\/\/hp.nutricionalfarma.com.br\/index.php?rest_route=%2Fwp%2Fv2%2Fproduct_cat&post=121"},{"taxonomy":"product_tag","embeddable":true,"href":"https:\/\/hp.nutricionalfarma.com.br\/index.php?rest_route=%2Fwp%2Fv2%2Fproduct_tag&post=121"}],"curies":[{"name":"wp","href":"https:\/\/api.w.org\/{rel}","templated":true}]}}