{"id":1047,"date":"2024-10-08T20:13:50","date_gmt":"2024-10-08T23:13:50","guid":{"rendered":"https:\/\/hp.nutricionalfarma.com.br\/?post_type=product&#038;p=1047"},"modified":"2024-10-08T20:14:16","modified_gmt":"2024-10-08T23:14:16","slug":"kabiven","status":"publish","type":"product","link":"https:\/\/hp.nutricionalfarma.com.br\/?product=kabiven","title":{"rendered":"Kabiven"},"content":{"rendered":"<h4><span style=\"color: #3366ff;\">Para pacientes com necessidades b\u00e1sicas.<\/span><\/h4>\n<ul>\n<li>\u00a0Aporte equilibrado de amino\u00e1cidos e calorias:<br \/>\n\u00bb 33 g\/L de AA (central) ou 24 g\/L de AA (perif\u00e9rica)<br \/>\n\u00bb Aproximadamente 900 kcal totais por litro (central)<\/li>\n<li>Conte\u00fado moderado de glicose,<br \/>\no que limita o risco de hiperglicemia.1<\/li>\n<li>Emuls\u00e3o lip\u00eddica \u00e0 base de \u00f3leo de soja:<br \/>\n\u00bb Fonte de energia<br \/>\n\u00bb Atende as necessidades de \u00e1cidos graxos essenciais<br \/>\n\u00bb Formula\u00e7\u00e3o tradicional contribui com a recupera\u00e7\u00e3o do estado nutricional de pacientes que se beneficiam com o uso de \u00f3leo de soja<\/li>\n<\/ul>\n<p><em>cl\u00ednicas causa um aumento transit\u00f3rio na libera\u00e7\u00e3o de lipoprote\u00edna lipase na circula\u00e7\u00e3o.<\/em><\/p>\n","protected":false},"excerpt":{"rendered":"<p><span style=\"color: #3366ff;\">glicose + poliamino\u00e1cidos + emuls\u00e3o lip\u00eddica<\/span><\/p>\n[oneclick single=\"true\" phone=\"5532991487380\" product=\"current\" text=\"Informa\u00e7\u00f5es pelo Whatsapp\" fullwidth=\"false\"]\n","protected":false},"featured_media":1048,"template":"","meta":[],"product_brand":[],"product_cat":[130],"product_tag":[133],"class_list":{"0":"post-1047","1":"product","2":"type-product","3":"status-publish","4":"has-post-thumbnail","6":"product_cat-nutricao-parenteral","7":"product_tag-kabiven","9":"first","10":"instock","11":"sold-individually","12":"shipping-taxable","13":"product-type-simple","14":"czr-hentry"},"_links":{"self":[{"href":"https:\/\/hp.nutricionalfarma.com.br\/index.php?rest_route=\/wp\/v2\/product\/1047","targetHints":{"allow":["GET"]}}],"collection":[{"href":"https:\/\/hp.nutricionalfarma.com.br\/index.php?rest_route=\/wp\/v2\/product"}],"about":[{"href":"https:\/\/hp.nutricionalfarma.com.br\/index.php?rest_route=\/wp\/v2\/types\/product"}],"wp:featuredmedia":[{"embeddable":true,"href":"https:\/\/hp.nutricionalfarma.com.br\/index.php?rest_route=\/wp\/v2\/media\/1048"}],"wp:attachment":[{"href":"https:\/\/hp.nutricionalfarma.com.br\/index.php?rest_route=%2Fwp%2Fv2%2Fmedia&parent=1047"}],"wp:term":[{"taxonomy":"product_brand","embeddable":true,"href":"https:\/\/hp.nutricionalfarma.com.br\/index.php?rest_route=%2Fwp%2Fv2%2Fproduct_brand&post=1047"},{"taxonomy":"product_cat","embeddable":true,"href":"https:\/\/hp.nutricionalfarma.com.br\/index.php?rest_route=%2Fwp%2Fv2%2Fproduct_cat&post=1047"},{"taxonomy":"product_tag","embeddable":true,"href":"https:\/\/hp.nutricionalfarma.com.br\/index.php?rest_route=%2Fwp%2Fv2%2Fproduct_tag&post=1047"}],"curies":[{"name":"wp","href":"https:\/\/api.w.org\/{rel}","templated":true}]}}