{"id":1036,"date":"2024-10-07T17:08:54","date_gmt":"2024-10-07T20:08:54","guid":{"rendered":"https:\/\/hp.nutricionalfarma.com.br\/?post_type=product&#038;p=1036"},"modified":"2024-10-08T20:52:10","modified_gmt":"2024-10-08T23:52:10","slug":"smofkabiven","status":"publish","type":"product","link":"https:\/\/hp.nutricionalfarma.com.br\/?product=smofkabiven","title":{"rendered":"SmofKabiven"},"content":{"rendered":"<h4><span style=\"color: #3366ff;\"><strong>\u00danica bolsa pronta para uso para pacientes que se beneficiam da emuls\u00e3o lip\u00eddica com \u00f3leo de peixe.1<\/strong><\/span><\/h4>\n<ul>\n<li>Aporte concentrado de amino\u00e1cidos e calorias:<br \/>\n\u00bb 51 g\/L de AA (central) e 32 g\/L de AA (perif\u00e9rica)<br \/>\n\u00bb Cont\u00e9m Taurina, amino\u00e1cido essencial em situa\u00e7\u00f5es de catabolismo3<br \/>\n\u00bb Aproximadamente 1100 kcal totais por litro (central)<\/li>\n<li>Cont\u00e9m Zinco, que contribui com as defesas antioxidantes.3<\/li>\n<li>Conte\u00fado moderado de glicose, contribuindo com o menor<br \/>\nrisco de hiperglicemia.1<\/li>\n<li>Emuls\u00e3o lip\u00eddica \u00fanica e balanceada com 4 \u00f3leos:<br \/>\n\u00bb \u00d3leo de peixe (principal fonte de \u03c93):<br \/>\ncontribui na redu\u00e7\u00e3o do tempo de interna\u00e7\u00e3o<br \/>\ne de custos hospitalares. 1,4<br \/>\n\u00bb Rela\u00e7\u00e3o \u03c96\/\u03c93 = 2,5:1<\/li>\n<\/ul>\n<p><span style=\"color: #3366ff;\"><em>*Contraindica\u00e7\u00f5es: hiperlipid\u00eamica grave. Intera\u00e7\u00f5es Medicamentosas: Heparina administrada em doses<\/em><\/span><\/p>\n","protected":false},"excerpt":{"rendered":"<p>Poliamino\u00e1cidos + glicose + emuls\u00e3o lip\u00eddica<\/p>\n<p><img decoding=\"async\" class=\"alignnone size-medium wp-image-1038\" src=\"https:\/\/hp.nutricionalfarma.com.br\/wp-content\/uploads\/2024\/10\/flor-epa-dha.jpg\" alt=\"\" width=\"160\" height=\"160\" srcset=\"https:\/\/hp.nutricionalfarma.com.br\/wp-content\/uploads\/2024\/10\/flor-epa-dha.jpg 160w, https:\/\/hp.nutricionalfarma.com.br\/wp-content\/uploads\/2024\/10\/flor-epa-dha-100x100.jpg 100w, https:\/\/hp.nutricionalfarma.com.br\/wp-content\/uploads\/2024\/10\/flor-epa-dha-150x150.jpg 150w\" sizes=\"(max-width: 160px) 100vw, 160px\" \/><\/p>\n[oneclick single=\"true\" phone=\"5532991487380\" product=\"current\" text=\"Informa\u00e7\u00f5es pelo Whatsapp\" fullwidth=\"false\"]\n","protected":false},"featured_media":1042,"template":"","meta":[],"product_brand":[],"product_cat":[130],"product_tag":[132,131],"class_list":{"0":"post-1036","1":"product","2":"type-product","3":"status-publish","4":"has-post-thumbnail","6":"product_cat-nutricao-parenteral","7":"product_tag-pediatrico","8":"product_tag-smofkabiven","10":"first","11":"instock","12":"sold-individually","13":"shipping-taxable","14":"product-type-simple","15":"czr-hentry"},"_links":{"self":[{"href":"https:\/\/hp.nutricionalfarma.com.br\/index.php?rest_route=\/wp\/v2\/product\/1036","targetHints":{"allow":["GET"]}}],"collection":[{"href":"https:\/\/hp.nutricionalfarma.com.br\/index.php?rest_route=\/wp\/v2\/product"}],"about":[{"href":"https:\/\/hp.nutricionalfarma.com.br\/index.php?rest_route=\/wp\/v2\/types\/product"}],"wp:featuredmedia":[{"embeddable":true,"href":"https:\/\/hp.nutricionalfarma.com.br\/index.php?rest_route=\/wp\/v2\/media\/1042"}],"wp:attachment":[{"href":"https:\/\/hp.nutricionalfarma.com.br\/index.php?rest_route=%2Fwp%2Fv2%2Fmedia&parent=1036"}],"wp:term":[{"taxonomy":"product_brand","embeddable":true,"href":"https:\/\/hp.nutricionalfarma.com.br\/index.php?rest_route=%2Fwp%2Fv2%2Fproduct_brand&post=1036"},{"taxonomy":"product_cat","embeddable":true,"href":"https:\/\/hp.nutricionalfarma.com.br\/index.php?rest_route=%2Fwp%2Fv2%2Fproduct_cat&post=1036"},{"taxonomy":"product_tag","embeddable":true,"href":"https:\/\/hp.nutricionalfarma.com.br\/index.php?rest_route=%2Fwp%2Fv2%2Fproduct_tag&post=1036"}],"curies":[{"name":"wp","href":"https:\/\/api.w.org\/{rel}","templated":true}]}}