{"id":1022,"date":"2024-07-11T20:49:25","date_gmt":"2024-07-11T20:49:25","guid":{"rendered":"https:\/\/hp.nutricionalfarma.com.br\/?post_type=product&#038;p=1022"},"modified":"2024-07-12T23:28:23","modified_gmt":"2024-07-12T23:28:23","slug":"acessorios","status":"publish","type":"product","link":"https:\/\/hp.nutricionalfarma.com.br\/?product=acessorios","title":{"rendered":"Acess\u00f3rios"},"content":{"rendered":"<div class=\"elementor-element elementor-element-8dba6d5 elementor-widget elementor-widget-heading\" data-id=\"8dba6d5\" data-element_type=\"widget\" data-widget_type=\"heading.default\">\n<div class=\"elementor-widget-container\">\n<h2 class=\"elementor-heading-title elementor-size-default\" style=\"text-align: center;\">Especifica\u00e7\u00f5es<\/h2>\n<\/div>\n<\/div>\n<div class=\"elementor-element elementor-element-9099545 elementor-widget-divider--view-line elementor-widget elementor-widget-divider\" data-id=\"9099545\" data-element_type=\"widget\" data-widget_type=\"divider.default\">\n<div class=\"elementor-widget-container\">\n<div class=\"elementor-divider\" style=\"text-align: center;\"><\/div>\n<\/div>\n<\/div>\n<div class=\"elementor-element elementor-element-c032407 elementor-widget elementor-widget-shortcode\" data-id=\"c032407\" data-element_type=\"widget\" data-widget_type=\"shortcode.default\">\n<div class=\"elementor-widget-container\">\n<div class=\"elementor-shortcode\">\n<div id=\"footable_parent_3062\" class=\"footable_parent ninja_table_wrapper wp_table_data_press_parent semantic_ui colored_table\" style=\"text-align: center;\">\n<table id=\"footable_3062\" class=\"foo-table ninja_footable foo_table_3062 ninja_table_unique_id_1992468523_3062 ui table nt_type_legacy_table selectable celled vertical_centered ninja_custom_color inverted footable-paging-right ninja_table_search_disabled ninja_table_pro footable footable-1 footable-paging breakpoint-lg\" align=\"center\" data-ninja_table_instance=\"ninja_table_instance_0\" data-footable_id=\"3062\" data-filter-delay=\"1000\" aria-label=\"Acess\u00f3rios\" data-unique_identifier=\"ninja_table_unique_id_1992468523_3062\">\n<colgroup>\n<col class=\"ninja_column_0 \" \/>\n<col class=\"ninja_column_1 \" \/><\/colgroup>\n<thead>\n<tr class=\"footable-header\">\n<th class=\"ninja_column_0 ninja_clmn_nm_referencia footable-first-visible\" scope=\"col\">REFER\u00caNCIA<\/th>\n<th class=\"ninja_column_1 ninja_clmn_nm_descricao footable-last-visible\" scope=\"col\">DESCRI\u00c7\u00c3O<\/th>\n<\/tr>\n<\/thead>\n<tbody>\n<tr class=\"ninja_table_row_0 nt_row_id_47\" data-row_id=\"47\">\n<td class=\"ninja_column_0 ninja_clmn_nm_referencia footable-first-visible\">600005<\/td>\n<td class=\"ninja_column_1 ninja_clmn_nm_descricao footable-last-visible\">Bocal adulto com abaixador de l\u00edngua e el\u00e1stico para fixa\u00e7\u00e3o<\/td>\n<\/tr>\n<tr class=\"ninja_table_row_1 nt_row_id_48\" data-row_id=\"48\">\n<td class=\"ninja_column_0 ninja_clmn_nm_referencia footable-first-visible\">600010<\/td>\n<td class=\"ninja_column_1 ninja_clmn_nm_descricao footable-last-visible\">Bocal adulto com ela\u0301stico para fixac\u0327a\u0303o<\/td>\n<\/tr>\n<tr class=\"ninja_table_row_2 nt_row_id_49\" data-row_id=\"49\">\n<td class=\"ninja_column_0 ninja_clmn_nm_referencia footable-first-visible\">U600005<\/td>\n<td class=\"ninja_column_1 ninja_clmn_nm_descricao footable-last-visible\">Bocal adulto com fita para fixac\u0327a\u0303o<\/td>\n<\/tr>\n<tr class=\"ninja_table_row_3 nt_row_id_50\" data-row_id=\"50\">\n<td class=\"ninja_column_0 ninja_clmn_nm_referencia footable-first-visible\">U600006<\/td>\n<td class=\"ninja_column_1 ninja_clmn_nm_descricao footable-last-visible\">Bocal pedia\u0301trico com ela\u0301stico para fixac\u0327a\u0303o<\/td>\n<\/tr>\n<tr class=\"ninja_table_row_4 nt_row_id_308\" data-row_id=\"308\">\n<td class=\"ninja_column_0 ninja_clmn_nm_referencia footable-first-visible\">INFL40<\/td>\n<td class=\"ninja_column_1 ninja_clmn_nm_descricao footable-last-visible\">Man\u00f4metro insuflador com seringa 40 cc<\/td>\n<\/tr>\n<\/tbody>\n<tfoot><\/tfoot>\n<\/table>\n<\/div>\n<div id=\"footable_parent_4146\" class=\"footable_parent ninja_table_wrapper wp_table_data_press_parent semantic_ui colored_table\">\n<table id=\"footable_4146\" class=\"foo-table ninja_footable foo_table_4146 ninja_table_unique_id_401172683_4146 ui table nt_type_legacy_table selectable celled vertical_centered ninja_custom_color inverted footable-paging-right ninja_table_search_disabled ninja_table_pro footable footable-2 footable-paging breakpoint-lg aligncenter\" style=\"height: 92px;\" width=\"321\" data-ninja_table_instance=\"ninja_table_instance_1\" data-footable_id=\"4146\" data-filter-delay=\"1000\" data-unique_identifier=\"ninja_table_unique_id_401172683_4146\">\n<caption>Manopla<\/caption>\n<colgroup>\n<col class=\"ninja_column_0 \" \/>\n<col class=\"ninja_column_1 \" \/><\/colgroup>\n<thead>\n<tr class=\"footable-header\">\n<th class=\"ninja_column_0 ninja_clmn_nm_referencia footable-first-visible\" scope=\"col\">REFER\u00caNCIA<\/th>\n<th class=\"ninja_column_1 ninja_clmn_nm_descricao footable-last-visible\" scope=\"col\">DESCRI\u00c7\u00c3O<\/th>\n<\/tr>\n<\/thead>\n<tbody>\n<tr class=\"ninja_table_row_0 nt_row_id_314\" data-row_id=\"314\">\n<td class=\"ninja_column_0 ninja_clmn_nm_referencia footable-first-visible\">GF220000<\/td>\n<td class=\"ninja_column_1 ninja_clmn_nm_descricao footable-last-visible\">Manopla avulsa G-Flex<\/td>\n<\/tr>\n<\/tbody>\n<\/table>\n<p>&nbsp;<\/p>\n<\/div>\n<\/div>\n<\/div>\n<\/div>\n","protected":false},"excerpt":{"rendered":"<p>Especifica\u00e7\u00f5es REFER\u00caNCIA DESCRI\u00c7\u00c3O 600005 Bocal adulto com abaixador de l\u00edngua e el\u00e1stico para fixa\u00e7\u00e3o 600010 Bocal adulto com ela\u0301stico para fixac\u0327a\u0303o U600005 Bocal adulto com fita para fixac\u0327a\u0303o U600006 Bocal pedia\u0301trico com ela\u0301stico para fixac\u0327a\u0303o INFL40 Man\u00f4metro insuflador com seringa 40 cc Manopla REFER\u00caNCIA DESCRI\u00c7\u00c3O GF220000 Manopla avulsa G-Flex &nbsp;<\/p>\n","protected":false},"featured_media":1023,"template":"","meta":[],"product_brand":[],"product_cat":[129,126],"product_tag":[],"class_list":{"0":"post-1022","1":"product","2":"type-product","3":"status-publish","4":"has-post-thumbnail","6":"product_cat-acessorios","7":"product_cat-endoscopia","9":"first","10":"instock","11":"sold-individually","12":"shipping-taxable","13":"product-type-simple","14":"czr-hentry"},"_links":{"self":[{"href":"https:\/\/hp.nutricionalfarma.com.br\/index.php?rest_route=\/wp\/v2\/product\/1022","targetHints":{"allow":["GET"]}}],"collection":[{"href":"https:\/\/hp.nutricionalfarma.com.br\/index.php?rest_route=\/wp\/v2\/product"}],"about":[{"href":"https:\/\/hp.nutricionalfarma.com.br\/index.php?rest_route=\/wp\/v2\/types\/product"}],"wp:featuredmedia":[{"embeddable":true,"href":"https:\/\/hp.nutricionalfarma.com.br\/index.php?rest_route=\/wp\/v2\/media\/1023"}],"wp:attachment":[{"href":"https:\/\/hp.nutricionalfarma.com.br\/index.php?rest_route=%2Fwp%2Fv2%2Fmedia&parent=1022"}],"wp:term":[{"taxonomy":"product_brand","embeddable":true,"href":"https:\/\/hp.nutricionalfarma.com.br\/index.php?rest_route=%2Fwp%2Fv2%2Fproduct_brand&post=1022"},{"taxonomy":"product_cat","embeddable":true,"href":"https:\/\/hp.nutricionalfarma.com.br\/index.php?rest_route=%2Fwp%2Fv2%2Fproduct_cat&post=1022"},{"taxonomy":"product_tag","embeddable":true,"href":"https:\/\/hp.nutricionalfarma.com.br\/index.php?rest_route=%2Fwp%2Fv2%2Fproduct_tag&post=1022"}],"curies":[{"name":"wp","href":"https:\/\/api.w.org\/{rel}","templated":true}]}}